= -9 - o. What is the remainder when 21 is divided by q?
3
Suppose -5*i = 3*n - 4, 0*n + 6 = n - 3*i. Suppose 0 = n*w - 43 - 50. Suppose 0*r + w = r. Calculate the remainder when r is divided by 11.
9
Let a(p) = -6*p - 2. Let z be -1*(2 + 1 + -3). Let v be 0 - 0 - (2 - z). What is the remainder when 28 is divided by a(v)?
8
Suppose 0 = l - 3*l + 10. Let b = l + 15. Suppose 3*x + 77 = -2*v + 251, 0 = 2*v. What is the remainder when x is divided by b?
18
Let d(n) = -n - 8. Let f = -2 - -3. Calculate the remainder when d(-10) is divided by f.
0
Let s(m) = -m**2 + 11*m - 5. Let a be 0/(0 + 3 - 5). Suppose a = -z + 2*z - 8. What is the remainder when 74 is divided by s(z)?
17
Let i be 4/(-14) - (-32)/14. Suppose i*h - 7*h = -780. Suppose -5*z = -h + 31. Calculate the remainder when z is divided by 13.
12
Suppose 0 = c - 5*t - 28, -c + 3*t - 6 = -26. Calculate the remainder when 25 is divided by c.
1
Suppose 0 = -5*x + a + 764, 2*x = 7*x + 5*a - 770. Calculate the remainder when x is divided by 31.
29
Suppose 4*x = -4*u + 188, 5 = -u - 0. Calculate the remainder when x is divided by 14.
10
Suppose -w - 4*x = -24, x + 5 = 5*w - 2*x. Suppose -w*m + 144 = 4*r, 0 = 4*r - 0*m - m - 134. What is the remainder when r is divided by 12?
10
Let l(p) = p**3 + 7*p**2 - p - 3. Suppose 0*a = a + 7. Let x(j) = j**2 + j - 1. What is the remainder when x(3) is divided by l(a)?
3
Suppose 40 = j + 2*f, 0 = -j + 2*f + 2*f + 22. Suppose 5*k - 9 = -j, 5*k + 145 = 2*w. Let u = w - 22. What is the remainder when u is divided by 13?
12
Suppose 8 = -5*r - 3*l, r + 2*l + 2 = -1. Let t(i) = 4*i**2 - i - 1. Calculate the remainder when t(r) is divided by 2.
0
Suppose 0*r = -3*r + 3. Suppose 5*c - 8*c + 3 = 0. What is the remainder when c is divided by r?
0
Suppose 2*f - 130 = -2*w, 3*f - w - 187 = -0*f. What is the remainder when f is divided by 16?
15
Suppose 0 = p + 2, -q + p + 37 = -4*p. What is the remainder when q is divided by 14?
13
Let z be (1 + 1)*222/(-4). Let y = -77 - z. Let b = -30 + 42. What is the remainder when y is divided by b?
10
Suppose 0 = 5*m + 15, 2*b + 3*b - 30 = 5*m. Suppose k - b = 3. Calculate the remainder when 9 is divided by k.
3
Calculate the remainder when 71 is divided by 15 - (-1 + (2 - 5)).
14
Let o = 5 - 3. Suppose l = 16 - o. What is the remainder when 23 is divided by (-62)/(-5) - l/35?
11
Suppose k - 75 = -4*k. Let l = -89 + 97. Calculate the remainder when k is divided by l.
7
Let n(f) = -f**2 + 11*f + 9. Let q be n(12). Calculate the remainder when 17 is divided by 3/q*(0 - 5).
2
Suppose 0 = -x - 2*n + 127, -2*x - n = 2*n - 258. Let c = x - 87. What is the remainder when c is divided by 17?
14
Let t = -36 + 54. Let g(m) = m + 2. Let a be g(-3). Let v(h) = 35*h**2 - 1. Calculate the remainder when v(a) is divided by t.
16
Let u(d) = 3*d - 10. Let h(c) = 4*c - 10. Let m(q) = 4*h(q) - 5*u(q). Calculate the remainder when m(-8) is divided by 2.
0
Let c = 5 - 3. Suppose c*q = -4*k - 0*q + 14, -3*q + 9 = 0. Suppose 25 = k*x - 25. What is the remainder when x is divided by 9?
7
Let b be (-1 - -5)*(-6)/8. Suppose 0 = 5*i - 0*j + j - 226, 0 = -4*j - 16. What is the remainder when i is divided by b + (0 - -1) - -18?
14
Suppose -2*j + 58 = 10. Calculate the remainder when 46 is divided by j.
22
Suppose u = o + 117, 2*u - 4*o - 254 = -6*o. Calculate the remainder when u is divided by 31.
29
Let r(d) = d**3 - 4*d**2 - 1. Let n be r(4). Let q be 4/4 + 3*n. Let z = 11 + q. What is the remainder when 25 is divided by z?
7
What is the remainder when 81 is divided by 8/(-3)*63/(-6)?
25
Let d(v) = -v**3 + 6*v**2 + 12*v - 14. Suppose -4*u - 8 = 0, -2*w = 3*w + 4*u - 47. What is the remainder when d(7) is divided by w?
10
Suppose -y + 4*y - 225 = 0. Let v = 289 + -263. What is the remainder when y is divided by v?
23
Calculate the remainder when 3350/26 - 2/(-13) is divided by 33.
30
Suppose 16*z - 195 = 15*z. What is the remainder when z is divided by 40?
35
Suppose 0 = 10*t - 16*t + 612. What is the remainder when t is divided by 26?
24
Let u(o) be the third derivative of -o**6/120 + o**5/12 - o**4/8 - o**3/6 + 3*o**2. What is the remainder when 15 is divided by u(3)?
7
Suppose -646 = -4*c + 2*g, 0 = -7*c + 3*c - 2*g + 666. What is the remainder when c is divided by 11?
10
Suppose 20 + 28 = 4*b. Let r = b + -6. What is the remainder when ((-17)/2)/((-1)/2) is divided by r?
5
Let g(n) = n**3 - 5*n**2 - 4*n - 4. Let q be g(5). Let a = q + 73. Suppose -b - 17 = -2*b. What is the remainder when a is divided by b?
15
Let r(l) = 2*l + 1. Let s be r(1). Suppose s*d - 7*d + 56 = 0. What is the remainder when d is divided by 4?
2
Suppose 0*q + 28 = 4*q. Let k = -24 - -29. Suppose 0 = -k*z - 4 + 14, 0 = s - 2*z - 8. What is the remainder when s is divided by q?
5
Suppose 21*u - 8*u = 78. Calculate the remainder when 22 is divided by u.
4
Let y(s) = -s**3 - 8*s**2 - 10*s - 9. Calculate the remainder when (2 - (2 - -21))/(-1) is divided by y(-7).
9
Let y(g) = -g**3 + 10*g**2 + 12*g + 14. Let h = -28 + 35. Calculate the remainder when y(11) is divided by h.
4
Suppose 200 = 20*n - 0*n. Calculate the remainder when 35 is divided by n.
5
Let f(a) = -2*a + 11. What is the remainder when f(-17) is divided by 16?
13
Let x(a) = a**3 + 3*a**2 + a + 1. Suppose -5*k + 4 = 14. Calculate the remainder when x(k) is divided by ((-6)/(-4))/(3/6).
0
What is the remainder when 13 is divided by 3 + -2 + -5 + 9?
3
Suppose 0*j = 2*j - 90. Let p(s) = 2*s + 2*s**2 + 3*s**3 - 3*s**2 - 2*s**2. What is the remainder when j is divided by p(2)?
13
Suppose -81 = 5*u - 31. Calculate the remainder when (-2)/7 + 60/14 is divided by (-4)/u - 39/(-15).
1
Let h = 17 + -1. What is the remainder when h is divided by 66/8 + (-36)/(-48)?
7
Let g(u) = u**3 - 5*u**2 + 8*u - 4. Calculate the remainder when g(5) is divided by 19.
17
Suppose -77 = -d + 4*t + 41, 5*t = -d + 82. Calculate the remainder when d is divided by 15.
12
Suppose 0 = 5*s - s + 748. Let c = -25 - -38. Calculate the remainder when (-6)/15 - s/5 is divided by c.
11
Let u(w) = -13*w - 1. Suppose 0*j + j = 5*l + 21, 0 = -3*j + 5*l + 33. Let p = j + -9. What is the remainder when u(p) is divided by 13?
12
Let z = 77 + -65. What is the remainder when 35 is divided by z?
11
Let t = 96 + -27. Suppose 44 = 4*j - 28. What is the remainder when t is divided by j?
15
Let q(c) = -c**2 + 11*c. Let i = -5 - -12. Let m be q(i). Suppose m = -r + 2*r. Calculate the remainder when r is divided by 10.
8
Suppose 2*t = l - 2*t + 14, 5*l - 3*t = -36. What is the remainder when (l/3 + -4)*-4 is divided by 13?
11
Let d be (9/15)/(1/5). Suppose 4*g - 14 = g - k, d*k + 42 = 5*g. Let n = 17 + -7. Calculate the remainder when n is divided by g.
4
Suppose -4 = -4*v, 4*x - x + v = 52. Let f(k) = k**2 + 6*k + 6. What is the remainder when x is divided by f(-6)?
5
Suppose 0 = a - q - 38, 4*a - 2*a - 79 = 3*q. Suppose -7*c + a = -2*c. What is the remainder when ((-1)/(-2) - 0)*26 is divided by c?
6
Calculate the remainder when 2/2*516/6 is divided by 22.
20
Suppose -3*w = -t - 86, 2*w + 0*t - 60 = 2*t. Calculate the remainder when 54 is divided by w.
26
Let s = 166 + -141. Calculate the remainder when 123 is divided by s.
23
Let f(d) = d**3 - d + 2. Let g(v) = 13*v**2 - 2*v + 1. Let h be g(1). Suppose 8*s - 4*s = h. Calculate the remainder when f(2) is divided by s.
2
Suppose 0 = 3*z - 4*p - 25 - 30, 5*p = -20. Calculate the remainder when 73 is divided by z.
8
Suppose -2*c + 34 = -0. Calculate the remainder when c is divided by 11.
6
What is the remainder when -4 + (-6)/(18/(-105)) is divided by 17?
14
Let v(q) = 3*q**2 + 3*q - 1. What is the remainder when 82 is divided by v(2)?
14
Let i be ((-2)/5)/(2/(-170)). Let c = -15 + i. Let k(b) = -b**3 + 5*b**2 - 2*b + 2. What is the remainder when c is divided by k(4)?
9
Suppose -5*l - l = -72. Suppose 3*j = -3*u + 27, 2*j + 0 - l = -4*u. Calculate the remainder when 31 is divided by j.
7
Suppose -3*i + 145 = 2*f + 2*i, i - 374 = -5*f. Let z(u) = -u**3 + 2*u**2 - 2*u - 1. Calculate the remainder when f is divided by z(-2).
18
Let z be ((-10)/6 + 2)*6. Suppose -5*p + 8 = -z. Let j = 4 + -3. What is the remainder when p is divided by j?
0
Let b(o) = o + 4. Calculate the remainder when ((-2)/6)/((-8)/24) is divided by b(-3).
